{"id":183,"date":"2014-11-30T23:53:52","date_gmt":"2014-11-30T22:53:52","guid":{"rendered":"http:\/\/www.nowa.agprojekt.com\/?page_id=183"},"modified":"2014-12-01T22:01:32","modified_gmt":"2014-12-01T21:01:32","slug":"realizacje","status":"publish","type":"page","link":"http:\/\/www.agprojekt.com\/?page_id=183","title":{"rendered":"Realizacje"},"content":{"rendered":"<p style=\"text-align: center;\">W tym dziale ju\u017c wkr\u00f3tce pojawi\u0105 si\u0119 zdj\u0119cia naszych realizacji.<\/p>\n","protected":false},"excerpt":{"rendered":"<p>W tym dziale ju\u017c wkr\u00f3tce pojawi\u0105 si\u0119 zdj\u0119cia naszych realizacji.<\/p>\n","protected":false},"author":1,"featured_media":0,"parent":0,"menu_order":0,"comment_status":"closed","ping_status":"open","template":"","meta":[],"_links":{"self":[{"href":"http:\/\/www.agprojekt.com\/index.php?rest_route=\/wp\/v2\/pages\/183"}],"collection":[{"href":"http:\/\/www.agprojekt.com\/index.php?rest_route=\/wp\/v2\/pages"}],"about":[{"href":"http:\/\/www.agprojekt.com\/index.php?rest_route=\/wp\/v2\/types\/page"}],"author":[{"embeddable":true,"href":"http:\/\/www.agprojekt.com\/index.php?rest_route=\/wp\/v2\/users\/1"}],"replies":[{"embeddable":true,"href":"http:\/\/www.agprojekt.com\/index.php?rest_route=%2Fwp%2Fv2%2Fcomments&post=183"}],"version-history":[{"count":2,"href":"http:\/\/www.agprojekt.com\/index.php?rest_route=\/wp\/v2\/pages\/183\/revisions"}],"predecessor-version":[{"id":197,"href":"http:\/\/www.agprojekt.com\/index.php?rest_route=\/wp\/v2\/pages\/183\/revisions\/197"}],"wp:attachment":[{"href":"http:\/\/www.agprojekt.com\/index.php?rest_route=%2Fwp%2Fv2%2Fmedia&parent=183"}],"curies":[{"name":"wp","href":"https:\/\/api.w.org\/{rel}","templated":true}]}}