{"id":27,"date":"2014-11-13T13:48:53","date_gmt":"2014-11-13T12:48:53","guid":{"rendered":"http:\/\/www.nowa.agprojekt.com\/?page_id=27"},"modified":"2015-01-29T14:36:35","modified_gmt":"2015-01-29T13:36:35","slug":"projekty","status":"publish","type":"page","link":"http:\/\/www.agprojekt.com\/?page_id=27","title":{"rendered":"Projekty"},"content":{"rendered":"<p style=\"text-align: center;\">\n<p style=\"text-align: center;\"><strong>\u00a0Galeria budynk\u00f3w mieszkalnych<\/strong><\/p>\n<p style=\"text-align: center;\"><a href=\"http:\/\/www.agprojekt.com\/?page_id=29\"><img loading=\"lazy\" class=\"aligncenter size-medium wp-image-126\" src=\"http:\/\/www.agprojekt.com\/wp-content\/uploads\/2014\/11\/wizualizacje_M_2014_BWB_IZNOTA-300x212.jpg\" alt=\"wizualizacje_M_2014_BWB_IZNOTA\" width=\"300\" height=\"212\" srcset=\"http:\/\/www.agprojekt.com\/wp-content\/uploads\/2014\/11\/wizualizacje_M_2014_BWB_IZNOTA-300x212.jpg 300w, http:\/\/www.agprojekt.com\/wp-content\/uploads\/2014\/11\/wizualizacje_M_2014_BWB_IZNOTA-1527x1080.jpg 1527w\" sizes=\"(max-width: 300px) 100vw, 300px\" \/><\/a><\/p>\n<p style=\"text-align: center;\"><strong>\u00a0Galeria budynk\u00f3w\u00a0gospodarczych<\/strong><\/p>\n<p style=\"text-align: center;\"><a href=\"http:\/\/www.agprojekt.com\/?page_id=31\"><img loading=\"lazy\" class=\"size-medium wp-image-167\" src=\"http:\/\/www.agprojekt.com\/wp-content\/uploads\/2014\/11\/elewacje_G_2012_MF_Niedziwcki-R\u00f3g-300x212.jpg\" alt=\"ELEWACJE\" width=\"300\" height=\"212\" srcset=\"http:\/\/www.agprojekt.com\/wp-content\/uploads\/2014\/11\/elewacje_G_2012_MF_Niedziwcki-R\u00f3g-300x212.jpg 300w, http:\/\/www.agprojekt.com\/wp-content\/uploads\/2014\/11\/elewacje_G_2012_MF_Niedziwcki-R\u00f3g-1024x724.jpg 1024w\" sizes=\"(max-width: 300px) 100vw, 300px\" \/><\/a><\/p>\n<p style=\"text-align: center;\"><strong>Galeria budynk\u00f3w u\u017cyteczno\u015bci publicznej<\/strong><\/p>\n<p><a href=\"http:\/\/www.agprojekt.com\/?page_id=33\"><img loading=\"lazy\" class=\"size-medium wp-image-172 aligncenter\" src=\"http:\/\/www.agprojekt.com\/wp-content\/uploads\/2014\/11\/wizaualizacja_U_2013_GBP_Be\u0142cz\u0105c-300x212.jpg\" alt=\"WIZUALIZACJA\" width=\"300\" height=\"212\" srcset=\"http:\/\/www.agprojekt.com\/wp-content\/uploads\/2014\/11\/wizaualizacja_U_2013_GBP_Be\u0142cz\u0105c-300x212.jpg 300w, http:\/\/www.agprojekt.com\/wp-content\/uploads\/2014\/11\/wizaualizacja_U_2013_GBP_Be\u0142cz\u0105c-1024x724.jpg 1024w\" sizes=\"(max-width: 300px) 100vw, 300px\" \/><\/a><\/p>\n","protected":false},"excerpt":{"rendered":"<p>\u00a0Galeria budynk\u00f3w mieszkalnych \u00a0Galeria budynk\u00f3w\u00a0gospodarczych Galeria budynk\u00f3w u\u017cyteczno\u015bci publicznej<\/p>\n","protected":false},"author":1,"featured_media":0,"parent":0,"menu_order":0,"comment_status":"closed","ping_status":"closed","template":"","meta":[],"_links":{"self":[{"href":"http:\/\/www.agprojekt.com\/index.php?rest_route=\/wp\/v2\/pages\/27"}],"collection":[{"href":"http:\/\/www.agprojekt.com\/index.php?rest_route=\/wp\/v2\/pages"}],"about":[{"href":"http:\/\/www.agprojekt.com\/index.php?rest_route=\/wp\/v2\/types\/page"}],"author":[{"embeddable":true,"href":"http:\/\/www.agprojekt.com\/index.php?rest_route=\/wp\/v2\/users\/1"}],"replies":[{"embeddable":true,"href":"http:\/\/www.agprojekt.com\/index.php?rest_route=%2Fwp%2Fv2%2Fcomments&post=27"}],"version-history":[{"count":7,"href":"http:\/\/www.agprojekt.com\/index.php?rest_route=\/wp\/v2\/pages\/27\/revisions"}],"predecessor-version":[{"id":205,"href":"http:\/\/www.agprojekt.com\/index.php?rest_route=\/wp\/v2\/pages\/27\/revisions\/205"}],"wp:attachment":[{"href":"http:\/\/www.agprojekt.com\/index.php?rest_route=%2Fwp%2Fv2%2Fmedia&parent=27"}],"curies":[{"name":"wp","href":"https:\/\/api.w.org\/{rel}","templated":true}]}}

<p style="text-align: center;">
<p style="text-align: center;"><strong> Galeria budynków mieszkalnych</strong></p>
<p style="text-align: center;"><a href="http://www.agprojekt.com/?page_id=29"><img loading="lazy" class="aligncenter size-medium wp-image-126" src="http://www.agprojekt.com/wp-content/uploads/2014/11/wizualizacje_M_2014_BWB_IZNOTA-300x212.jpg" alt="wizualizacje_M_2014_BWB_IZNOTA" width="300" height="212" srcset="http://www.agprojekt.com/wp-content/uploads/2014/11/wizualizacje_M_2014_BWB_IZNOTA-300x212.jpg 300w, http://www.agprojekt.com/wp-content/uploads/2014/11/wizualizacje_M_2014_BWB_IZNOTA-1527x1080.jpg 1527w" sizes="(max-width: 300px) 100vw, 300px" /></a></p>
<p style="text-align: center;"><strong> Galeria budynków gospodarczych</strong></p>
<p style="text-align: center;"><a href="http://www.agprojekt.com/?page_id=31"><img loading="lazy" class="size-medium wp-image-167" src="http://www.agprojekt.com/wp-content/uploads/2014/11/elewacje_G_2012_MF_Niedziwcki-Róg-300x212.jpg" alt="ELEWACJE" width="300" height="212" srcset="http://www.agprojekt.com/wp-content/uploads/2014/11/elewacje_G_2012_MF_Niedziwcki-Róg-300x212.jpg 300w, http://www.agprojekt.com/wp-content/uploads/2014/11/elewacje_G_2012_MF_Niedziwcki-Róg-1024x724.jpg 1024w" sizes="(max-width: 300px) 100vw, 300px" /></a></p>
<p style="text-align: center;"><strong>Galeria budynków użyteczności publicznej</strong></p>
<p><a href="http://www.agprojekt.com/?page_id=33"><img loading="lazy" class="size-medium wp-image-172 aligncenter" src="http://www.agprojekt.com/wp-content/uploads/2014/11/wizaualizacja_U_2013_GBP_Bełcząc-300x212.jpg" alt="WIZUALIZACJA" width="300" height="212" srcset="http://www.agprojekt.com/wp-content/uploads/2014/11/wizaualizacja_U_2013_GBP_Bełcząc-300x212.jpg 300w, http://www.agprojekt.com/wp-content/uploads/2014/11/wizaualizacja_U_2013_GBP_Bełcząc-1024x724.jpg 1024w" sizes="(max-width: 300px) 100vw, 300px" /></a></p>

<p> Galeria budynków mieszkalnych  Galeria budynków gospodarczych Galeria budynków użyteczności publicznej</p>
